 10295. Let r = 393 - b. Let q be 38/(2*3/24). What is the highest common divisor of q and r?
38
Let o(y) = 5*y - 2. Let v be o(-2). Let p be 4*2/v*-3 - -7. Let q be 27*8/9*3. Calculate the highest common divisor of q and p.
9
Let f be 4/(-3) + (-1225)/(-75). Suppose -5*z + 1399 = u, 0 = -z - u + 466 - 187. Let n be 3/2*z/f. What is the highest common divisor of 4 and n?
4
Let c = -3463 + 3509. Calculate the greatest common divisor of c and 184.
46
Suppose -9 = 18*n - 130 + 49. What is the greatest common divisor of 5164 and n?
4
Let z(x) = x**2 + 6*x - 7. Let b be z(-6). Let f be 30/5 + b - 86/2. Let d = f - -198. Calculate the highest common factor of 22 and d.
22
Let g = -4681 - -4729. Calculate the highest common divisor of 656 and g.
16
Let i be (132/220)/(9/(-6))*(-95 - 0). Calculate the greatest common factor of 722 and i.
38
Let y(h) = h**3 - 7*h**2 + 133*h + 184. Let s be y(17). Calculate the highest common divisor of s and 33.
11
Let z(q) = 16*q**2 - 32*q + 682. Let g be z(0). What is the greatest common divisor of 1271 and g?
31
Let r(o) = 6*o - 18. Let b be r(-11). Let x = 165 + b. Let l = -9 + 36. Calculate the greatest common factor of l and x.
27
Let x = -5953 + 5974. What is the greatest common factor of x and 1211?
7
Suppose -1798*x - 960 = -1813*x. What is the highest common factor of x and 5056?
64
Let p = -22769 - -22891. Calculate the greatest common divisor of 2 and p.
2
Let v be 14/77 + 6194/418. What is the greatest common factor of 1580 and v?
5
Let r be 0 - (54 - 3)/(-3). Let s = -10 + r. Let w be ((-16)/240)/((-74)/(-15) + -5). Calculate the greatest common factor of w and s.
1
Let v be (-26)/(-1)*-7 - 1. Let q = -175 - v. Calculate the greatest common factor of q and 8.
8
Let z = 38 - 18. Let v(g) = -116*g - 866. Let s be v(-11). Calculate the greatest common divisor of z and s.
10
Suppose -m + 921 = 5*s, -s - 2*s + 15 = 0. Suppose -5*p = 11*p - m. Let o be 20*8/(-20)*-1. What is the highest common divisor of o and p?
8
Let u be 1*(8 + -3) - (-15 + 6). Suppose -3*y = 4*w - 9*w + 20, -3*w - 5*y + 46 = 0. Let b be (2 - 0/3)*w. What is the highest common divisor of u and b?
14
Let n(g) = 6*g + 42. Suppose -13*f + 1 - 1 = 0. Let i be n(f). Suppose 8 = 2*q - 4. What is the highest common factor of q and i?
6
Suppose 0 = -18*h + 13*h - 4*p + 117, 2*p - 12 = 3*p. Let l be 25/10 - 1/(-2). Suppose v - 12 = -l*v. What is the highest common factor of h and v?
3
Let i = 6919 + -6893. Let t = 145 + -50. Suppose 31*z - t = i*z. What is the greatest common divisor of 95 and z?
19
Let m = 7525 + -14183. Let x be m/(-14) - 7/(392/32). What is the highest common factor of 25 and x?
25
Let u(n) = n**2 - 89*n + 2008. Let b be u(56). What is the greatest common factor of b and 5000?
40
Let x = 396 - 393. Let z(w) = -2*w**3 + 7*w**2. Let k be z(x). What is the greatest common factor of k and 63?
9
Let b = -168 + 175. Suppose b*a = 46 - 11. What is the highest common divisor of 65 and a?
5
Suppose -3*j + 29 = -4*h, -5*j + 38 = -4*h - 13. Suppose d = 9 + j. Let s = 354 - 324. What is the highest common divisor of d and s?
10
Let l = -333 - 169. Let h = 602 + l. Calculate the greatest common divisor of h and 4.
4
Let h(p) = 2*p**3 - 33*p**2 + 30*p - 136. Let f be h(16). What is the highest common divisor of f and 3025?
11
Let c be 275/15*-252*2/(-40). What is the highest common factor of c and 1071?
21
Let a = -36 + 99. Let u(k) = -99*k - 3352. Let n be u(-34). What is the greatest common divisor of a and n?
7
Let f = -17950 - -18350. Calculate the greatest common factor of 4100 and f.
100
Suppose g = 3*y - 119, -4*y + 134 + 28 = 2*g. What is the highest common factor of y and 21160?
40
Suppose v - 6 = -0*v. Let z be (-35)/4 - 1/12*3. Let r be ((-558)/(-124))/((z/(-44))/3). What is the greatest common factor of r and v?
6
Let j be 3 + 2 + -3 + 2. Suppose -5*o = 4*r - 62, j*r + 4*o - o - 66 = 0. Suppose 204*t - 13597 = 12107. What is the greatest common factor of t and r?
18
Let j be (-2)/(-3) + -4 + (-1602)/(-27). Let o = 28 + j. What is the greatest common factor of 364 and o?
28
Let o(g) be the second derivative of 155*g**3/6 - 63*g**2 + 144*g. Let a be o(5). Calculate the highest common factor of a and 118.
59
Let y = 25309 + 17999. Calculate the greatest common divisor of y and 18.
18
Let k(x) = x**2 + 3*x + 129. Let d be k(-23). Let m = -304 + d. Calculate the highest common factor of 30 and m.
15
Let s(q) = 37*q - 915. Let a be s(31). What is the greatest common divisor of a and 40?
8
Suppose 3196 = -16*b + 3884. Calculate the greatest common divisor of b and 43.
43
Suppose -5*u - 4*q = -3084, 60*u - 64*u + 2460 = -4*q. Calculate the greatest common factor of 112 and u.
56
Let k(g) = 28*g - 442. Let j be k(15). Let w be (-1 - 0)*(-39 + -1). Let h = w + j. Calculate the highest common factor of h and 18.
18
Let g(x) = -4*x - 8. Let r be g(-3). Suppose r*l - 2 - 2 = 0. Let u be -2 + (l - 3) + 36 - 2. What is the greatest common factor of 75 and u?
15
Suppose -5*t + 37 = 3*g - 30, 26 = 2*t + g. Let j be ((-2)/(-3))/(10/65 - (-8520)/(-57915)). What is the greatest common divisor of j and t?
11
Let v(q) = 47*q**3 - 48*q**3 - 17 + 11*q**2 - 8*q + q. Let j be v(9). Suppose j*x + 114 = 85*x. What is the highest common factor of x and 95?
19
Suppose 130*w + 4159 = -137*w + 15106. Calculate the greatest common divisor of w and 30791.
41
Let y(s) = s**2 + 2*s + 89. Let k be y(-36). Suppose -5*o + k = 323. Suppose -5*x + 54 = -2*x. What is the greatest common factor of x and o?
18
Let i(p) be the third derivative of 2*p**5/15 + 11*p**4/12 + 4*p**3/3 - 24*p**2 + 2. Let b be i(-4). Calculate the highest common factor of b and 312.
24
Suppose 12*l - 11079 - 9576 = -3171. Calculate the greatest common factor of l and 62.
31
Let n be (0/(-1))/(-6 - -4). Suppose -h + 5*h - 62 = -2*a, n = 3*a + 15. Suppose -3*w + 8 = w. What is the highest common factor of h and w?
2
Suppose 0 = -5*v - 20, 4*y + 2*v = -0*y + 608. Suppose 0 = 4*m + 4, 4*n - 31 = 4*m - m. Let o = 21 - n. Calculate the greatest common factor of y and o.
14
Let l(m) = -4*m**3 - 6*m**2 + 35*m + 158. Let d be l(-6). Suppose -o - 472 = -d. Calculate the highest common divisor of o and 12.
4
Let q be -117*(-2 + (-15)/9). Suppose 544 = q*n - 428*n. What is the highest common divisor of 16 and n?
16
Let l be 1 + (2 - 3) + 61 + -1. Suppose 11*t - 6*t - 5*r = l, 18 = 3*t + 3*r. Let a = 17 + t. What is the highest common divisor of 78 and a?
26
Let t(x) = -116*x - 2284. Let v be t(-37). Calculate the highest common divisor of v and 40.
8
Suppose 0 = -4*a - 95 + 3067. Suppose -223 = 5*d - a. Suppose 0 = -5*c + c + 4*y + 136, 3*c - 5*y = d. What is the highest common divisor of c and 3?
3
Suppose -8*b = -0*b - 64. Let h be (-104)/(((-1)/b)/((-2)/(-8))). What is the greatest common factor of 39 and h?
13
Let a(f) = -9*f - 1. Let p be a(-1). Suppose 50*i + 936 = 48*i. Let j be (-14)/(169/i + (-1)/(-9)). What is the highest common divisor of p and j?
8
Suppose 811 = -2*u + g, 11*u + 423 = 10*u + 4*g. Let a = 483 + u. Calculate the highest common factor of 40 and a.
40
Let h = -65 - -79. Suppose -144 = -h*t - 2*t. Let f(k) = -23*k + 3. Let v be f(-3). What is the highest common factor of v and t?
9
Let c = 4 - -27. Suppose 0 = -3*z - j + c, 2*z + z - 56 = 4*j. Suppose 61 = 4*k - 3. What is the greatest common divisor of k and z?
4
Let v(g) = -g**3 + 4*g**2 + 3. Let i be v(3). Let w(h) = -28 - 5 + 16*h + 3 - 6. Let t be w(6). Calculate the greatest common factor of i and t.
12
Suppose -5*x + 2*x - 8*q + 2102 = 0, -2*q + 1388 = 2*x. Let s be (-455)/(-10) + (-2)/(-4). What is the greatest common factor of s and x?
46
Suppose 2*i - 4*f - 112 = 0, -4*i + f = -8*i + 260. Suppose 0 = -3*t - v + 101, -5*v - 61 - i = -3*t. Calculate the highest common factor of 14 and t.
7
Let m be 670/20 + (-2 - 15/(-10)). Let g(u) = -u**3 - u**2 - u + 129. Let v be g(0). Suppose 4*h - v = -m. What is the greatest common divisor of 216 and h?
24
Let i = -24421 - -25985. Calculate the highest common factor of 2484 and i.
92
Let b be (-346)/(-10) - 6/(-15). Let w be (-12)/7 + 2 + 1670/b. Calculate the greatest common divisor of w and 9.
3
Let s(n) = -n**3 + 16*n**2 - 32*n + 35. Let l be s(13). Calculate the greatest common div